37, 11117
What are the prime factors of 377741266?
2, 7, 26981519
List the prime factors of 4894486709.
7, 699212387
What are the prime factors of 274088884?
2, 23, 2979227
List the prime factors of 1018991632.
2, 23, 1553, 1783
What are the prime factors of 78970486?
2, 7, 101, 55849
List the prime factors of 63616005.
3, 5, 1413689
List the prime factors of 30243728.
2, 71, 79, 337
List the prime factors of 48653584.
2, 7, 434407
What are the prime factors of 201269525?
5, 569, 14149
What are the prime factors of 36951154?
2, 311, 59407
List the prime factors of 861966048.
2, 3, 8978813
What are the prime factors of 2704530216?
2, 3, 53, 2126203
List the prime factors of 699080767.
7, 11, 825361
What are the prime factors of 44343184?
2, 47, 58967
What are the prime factors of 179725275?
3, 5, 17, 19, 2473
List the prime factors of 15765599.
2531, 6229
List the prime factors of 57915153.
3, 457, 14081
List the prime factors of 61300913.
53, 61, 67, 283
List the prime factors of 21155161.
21155161
List the prime factors of 10125108.
2, 3, 7, 59, 227
List the prime factors of 123347633.
123347633
What are the prime factors of 4075670681?
397, 683, 15031
List the prime factors of 416605340.
2, 5, 20830267
What are the prime factors of 347880073?
347880073
List the prime factors of 282099270.
2, 3, 5, 19, 41, 12071
What are the prime factors of 154797892?
2, 71, 545063
What are the prime factors of 3262252562?
2, 619, 2635099
What are the prime factors of 5337741816?
2, 3, 11, 6739573
What are the prime factors of 112255067?
61, 109, 16883
List the prime factors of 1810524689.
6373, 284093
List the prime factors of 2476315670.
2, 5, 247631567
List the prime factors of 3756692270.
2, 5, 2311, 162557
List the prime factors of 1958698169.
1958698169
List the prime factors of 408251925.
3, 5, 1814453
List the prime factors of 150267747.
3, 7, 41, 174527
List the prime factors of 122636336.
2, 19, 109, 3701
List the prime factors of 1593827.
1593827
List the prime factors of 28197962.
2, 13, 173, 6269
List the prime factors of 4412482222.
2, 331, 2333, 2857
List the prime factors of 63131124.
2, 3, 7, 809, 929
What are the prime factors of 4236368949?
3, 470707661
List the prime factors of 278248952.
2, 1613, 21563
List the prime factors of 129400351.
317, 408203
List the prime factors of 70601142.
2, 3, 283, 41579
List the prime factors of 992049136.
2, 13, 79, 60373
What are the prime factors of 83373849?
3, 13, 31, 127, 181
What are the prime factors of 2603306540?
2, 5, 9677, 13451
What are the prime factors of 317498487?
3, 1667, 63487
What are the prime factors of 734401456?
2, 37, 1240543
List the prime factors of 3455224713.
3, 103, 1381, 2699
List the prime factors of 334696592.
2, 1277, 16381
List the prime factors of 213196788.
2, 3, 7, 83, 10193
What are the prime factors of 2492462979?
3, 276940331
List the prime factors of 6002510521.
7, 131, 6545813
What are the prime factors of 930178120?
2, 5, 17, 151, 9059
What are the prime factors of 534824462?
2, 31, 139, 229, 271
What are the prime factors of 5980806816?
2, 3, 211, 503, 587
List the prime factors of 2053594708.
2, 11, 19, 129287
List the prime factors of 3396867043.
53, 79, 811289
List the prime factors of 3032881503.
3, 83, 661, 18427
What are the prime factors of 272779653?
3, 79, 173, 6653
What are the prime factors of 495468432?
2, 3, 457, 7529
List the prime factors of 4258273693.
29581, 143953
List the prime factors of 61681710.
2, 3, 5, 101, 20357
What are the prime factors of 213291658?
2, 739, 144311
What are the prime factors of 28983770?
2, 5, 157, 18461
List the prime factors of 2376297481.
7607, 312383
List the prime factors of 542584030.
2, 5, 23, 2359061
What are the prime factors of 61048005?
3, 5, 4069867
What are the prime factors of 50527384?
2, 19, 332417
List the prime factors of 893928258.
2, 3, 23, 719749
List the prime factors of 39777236.
2, 43, 281, 823
List the prime factors of 269057308.
2, 13, 31, 166909
List the prime factors of 4910587096.
2, 613823387
What are the prime factors of 943164504?
2, 3, 13099507
What are the prime factors of 684858287?
19, 29, 1242937
List the prime factors of 36681622.
2, 653, 28087
List the prime factors of 604826964.
2, 3, 7, 2400107
What are the prime factors of 45473339?
179, 254041
What are the prime factors of 88236628?
2, 491, 44927
List the prime factors of 4071391596.
2, 3, 113094211
List the prime factors of 58155642.
2, 3, 109, 29641
What are the prime factors of 58671800?
2, 5, 11, 26669
What are the prime factors of 118213930?
2, 5, 47, 251519
What are the prime factors of 95284420?
2, 5, 7, 11, 8839
List the prime factors of 2395184238.
2, 3, 149, 893059
What are the prime factors of 2322612482?
2, 79, 14700079
What are the prime factors of 1140447868?
2, 7, 19, 223, 9613
List the prime factors of 373907546.
2, 186953773
List the prime factors of 615255963.
3, 7, 41, 281, 2543
What are the prime factors of 194684285?
5, 457, 85201
What are the prime factors of 26283420?
2, 3, 5, 48673
List the prime factors of 2537300103.
3, 13, 29, 457, 4909
What are the prime factors of 16856385?
3, 5, 7, 13, 53, 233
What are the prime factors of 9157736?
2, 7, 29, 5639
List the prime factors of 45332414.
2, 59, 384173
What are the prime factors of 7951310?
2, 5, 19, 41849
List the prime factors of 80690390.
2, 5, 11, 827, 887
What are the prime factors of 3042288792?
2, 3, 617, 68483
List the prime factors of 1641880047.
3, 23, 1034581
List the prime factors of 132224108.
2, 29, 1139863
What are the prime factors of 8601768450?
2, 3, 5, 11, 47, 36973
What are the prime factors of 815557398?
2, 3, 193, 704281
List the prime factors of 53697891.
3, 13, 105913
List the prime factors of 184120875.
3, 5, 61, 2683
List the prime factors of 262112270.
2, 5, 7, 534923
What are the prime factors of 23406156?
2, 3, 733, 887
What are the prime factors of 1549597476?
2, 3, 7, 59, 113, 2767
List the prime factors of 1397523318.
2, 3, 17, 13701209
List the prime factors of 321184943.
941, 341323
What are the prime factors of 1510231858?
2, 67, 11270387
List the prime factors of 258349034.
2, 17, 7598501
List the prime factors of 448187721.
3, 29, 5151583
List the prime factors of 34641480.
2, 3, 5, 288679
List the prime factors of 88941134.
2, 44470567
What are the prime factors of 3954329803?
3954329803
What are the prime factors of 906129512?
2, 17, 6662717
List the prime factors of 45436071.
3, 15145357
List the prime factors of 1139735423.
179, 197, 32321
List the prime factors of 3180266216.
2, 397533277
What are the prime factors of 45377513?
43, 47, 22453
What are the prime factors of 143332518?
2, 3, 7, 3412679
What are the prime factors of 299162464?
2, 17, 37, 89, 167
What are the prime factors of 140133453?
3, 191, 244561
What are the prime factors of 90923670?
2, 3, 5, 1010263
List the prime factors of 624332875.
5, 19, 262877
List the prime factors of 1441750557.
3, 13, 2137, 17299
List the prime factors of 584116977.
3, 194705659
List the prime factors of 3240275131.
3240275131
What are the prime factors of 38583627?
3, 23, 559183
List the prime factors of 1322511283.
19, 69605857
List the prime factors of 31254369.
3, 10418123
What are the prime factors of 2154674321?
2154674321
List the prime factors of 3755594870.
2, 5, 659, 569893
What are the prime factors of 29870756?
2, 47, 59, 2693
List the prime factors of 2920260750.
2, 3, 5, 11, 307, 1153
What are the prime factors of 16378574?
2, 8189287
List the prime factors of 4518983256.
2, 3, 19, 2521, 3931
What are the prime factors of 854144327?
854144327
List the prime factors of 1303882266.
2, 3, 217313711
What are the prime factors of 3053838553?
863, 1291, 2741
What are the prime factors of 415917153?
3, 307, 50177
What are the prime factors of 771564451?
7, 103, 1070131
What are the prime factors of 11753754?
2, 3, 1958959
What are the prime factors of 24562598?
2, 37, 8971
List the prime factors of 1133317144.
2, 141664643
List the prime factors of 1723256522.
2, 13, 53, 241, 5189
What are the prime factors of 3220843111?
23, 2719, 51503
What are the prime factors of 235034778?
2, 3, 11, 3561133
List the prime factors of 17472751.
17472751
List the prime f